 and 126?
126
Calculate the highest common factor of 8 and 331.
1
Calculate the greatest common divisor of 58 and 493.
29
What is the highest common factor of 4708 and 77?
11
Calculate the highest common factor of 294 and 28.
14
What is the highest common divisor of 442 and 104?
26
Calculate the greatest common factor of 4836 and 65.
13
Calculate the greatest common factor of 28 and 112.
28
Calculate the greatest common factor of 545 and 327.
109
What is the highest common factor of 16094 and 26?
26
Calculate the greatest common factor of 266 and 42.
14
Calculate the highest common factor of 264 and 240.
24
Calculate the greatest common divisor of 264 and 24.
24
Calculate the greatest common divisor of 507 and 3237.
39
What is the greatest common factor of 255 and 12?
3
Calculate the greatest common factor of 2775 and 75.
75
What is the greatest common divisor of 34 and 17?
17
Calculate the highest common divisor of 580 and 60.
20
Calculate the highest common divisor of 2019 and 12.
3
Calculate the highest common factor of 23 and 23.
23
Calculate the highest common divisor of 183 and 27.
3
What is the greatest common factor of 247 and 38?
19
Calculate the highest common factor of 2 and 466.
2
Calculate the highest common factor of 1870 and 170.
170
Calculate the highest common factor of 232 and 10324.
116
Calculate the greatest common divisor of 3388 and 84.
28
Calculate the highest common divisor of 29385 and 15.
15
Calculate the highest common divisor of 176 and 32.
16
Calculate the greatest common factor of 9 and 5175.
9
What is the highest common factor of 132 and 24?
12
What is the greatest common divisor of 726 and 528?
66
What is the highest common divisor of 45 and 990?
45
What is the highest common divisor of 8750 and 28?
14
Calculate the highest common divisor of 36 and 30036.
12
Calculate the highest common factor of 211 and 3.
1
Calculate the highest common divisor of 270 and 390.
30
Calculate the highest common factor of 485 and 5.
5
Calculate the highest common factor of 10467 and 27.
9
Calculate the greatest common divisor of 500 and 320.
20
Calculate the highest common factor of 52 and 156.
52
Calculate the highest common factor of 469 and 536.
67
What is the greatest common divisor of 74 and 4477?
37
What is the greatest common divisor of 448 and 11312?
112
What is the highest common factor of 1919 and 19?
19
What is the greatest common factor of 46 and 506?
46
Calculate the greatest common factor of 24 and 4344.
24
What is the greatest common factor of 162 and 126?
18
What is the highest common factor of 1863 and 81?
81
Calculate the greatest common divisor of 256 and 32.
32
Calculate the greatest common divisor of 576 and 27.
9
Calculate the greatest common factor of 833 and 49.
49
What is the highest common divisor of 5036 and 12?
4
What is the greatest common divisor of 258 and 12?
6
What is the greatest common factor of 60 and 210?
30
What is the highest common divisor of 665 and 1295?
35
Calculate the highest common factor of 3935 and 5.
5
What is the highest common divisor of 23 and 3?
1
What is the highest common divisor of 7667 and 136?
17
What is the highest common divisor of 1368 and 72?
72
Calculate the highest common divisor of 51 and 42279.
51
Calculate the greatest common factor of 323 and 19.
19
Calculate the highest common divisor of 37 and 1813.
37
Calculate the highest common divisor of 14172 and 12.
12
What is the greatest common divisor of 2754 and 714?
102
Calculate the greatest common factor of 6 and 98.
2
What is the greatest common divisor of 546 and 126?
42
What is the highest common divisor of 72 and 99?
9
Calculate the greatest common factor of 99 and 954.
9
What is the highest common factor of 12 and 5556?
12
What is the greatest common factor of 551 and 19?
19
What is the highest common divisor of 17 and 272?
17
What is the greatest common factor of 782 and 230?
46
Calculate the greatest common divisor of 451 and 374.
11
What is the highest common divisor of 312 and 72?
24
What is the highest common divisor of 494 and 38?
38
What is the highest common factor of 1599 and 492?
123
What is the highest common divisor of 40 and 280?
40
Calculate the highest common divisor of 60 and 6780.
60
What is the highest common divisor of 255 and 30?
15
What is the greatest common divisor of 24212 and 4?
4
Calculate the greatest common divisor of 715 and 429.
143
Calculate the highest common divisor of 412 and 16.
4
What is the highest common factor of 48 and 42?
6
What is the greatest common factor of 1020 and 11985?
255
What is the greatest common divisor of 1560 and 18?
6
What is the greatest common divisor of 581 and 332?
83
What is the highest common factor of 688 and 9976?
344
Calculate the highest common factor of 437 and 23.
23
What is the greatest common factor of 693 and 1078?
77
What is the greatest common divisor of 13746 and 174?
174
What is the highest common factor of 49 and 742?
7
Calculate the highest common divisor of 18 and 2022.
6
What is the highest common divisor of 1728 and 1404?
108
What is the highest common factor of 158 and 553?
79
Calculate the greatest common divisor of 16 and 6704.
16
Calculate the highest common divisor of 159 and 42771.
159
What is the highest common factor of 21 and 189?
21
Calculate the highest common divisor of 9 and 34866.
9
Calculate the highest common divisor of 54 and 54702.
54
What is the highest common divisor of 268 and 1273?
67
What is the highest common divisor of 784 and 49?
49
What is the greatest common divisor of 12 and 1305?
3
What is the greatest common factor of 21 and 49?
7
What is the highest common factor of 45 and 420?
15
What is the highest common divisor of 3 and 199?
1
Calculate the highest common divisor of 9 and 657.
9
Calculate the greatest common divisor of 1125 and 360.
45
What is the highest common factor of 180 and 81?
9
Calculate the greatest common factor of 116 and 16.
4
Calculate the highest common divisor of 70 and 290.
10
What is the greatest common factor of 32 and 1568?
32
Calculate the greatest common factor of 63 and 294.
21
Calculate the greatest common divisor of 4 and 332.
4
Calculate the greatest common divisor of 261 and 435.
87
What is the greatest common factor of 19951 and 213?
71
What is the greatest common factor of 82 and 8?
2
Calculate the greatest common factor of 65 and 390.
65
Calculate the greatest common factor of 220 and 132.
44
Calculate the highest common factor of 28 and 1673.
7
Calculate the highest common factor of 429 and 117.
39
What is the greatest common factor of 415 and 15?
5
Calculate the greatest common factor of 440 and 3160.
40
What is the highest common divisor of 759 and 66?
33
Calculate the greatest common divisor of 144 and 44.
4
Calculate the greatest common factor of 413 and 91.
7
What is the highest common divisor of 48 and 12048?
48
Calculate the greatest common factor of 425 and 75.
25
What is the greatest common factor of 198 and 13266?
198
Calculate the greatest common divisor of 102 and 12.
6
What is the highest common divisor of 1480 and 60?
20
Calculate the greatest common factor of 252 and 180.
36
Calculate the highest common factor of 20 and 3140.
20
What is the highest common divisor of 1085 and 70?
35
Calculate the greatest common divisor of 314 and 1413.
157
Calculate the highest common divisor of 33 and 473.
11
Calculate the highest common factor of 385 and 2772.
77
Calculate the greatest common divisor of 450 and 2880.
90
Calculate the greatest common factor of 429 and 55.
11
What is the highest common factor of 2279 and 265?
53
What is the greatest common divisor of 21 and 1344?
21
Calculate the greatest common divisor of 2151 and 956.
239
Calculate the greatest common divisor of 1083 and 38.
19
Calculate the highest common divisor of 1044 and 36.
36
Calculate the highest common divisor of 190 and 114.
38
Calculate the highest common factor of 140 and 2380.
140
What is the greatest common divisor of 97 and 388?
97
Calculate the highest common factor of 14602 and 392.
98
What is the highest common divisor of 75 and 12?
3
What is the highest common divisor of 3627 and 13?
13
What is the highest common factor of 2414 and 476?
34
Calculate the greatest common factor o